se
Is 858787 a composite number?
False
Is 261267029 a prime number?
True
Is 28452391 a composite number?
True
Is 472741 a composite number?
False
Is 141561643 a composite number?
True
Is 123285082 a prime number?
False
Is 11066641 a composite number?
False
Is 18125687 a composite number?
False
Is 7100641 composite?
False
Is 189706441 composite?
False
Is 4625659 a prime number?
False
Is 2176921 a composite number?
False
Is 2308673 composite?
False
Is 472858 composite?
True
Is 63157 a composite number?
True
Is 365761906 composite?
True
Is 8894819 composite?
False
Is 371041199 a composite number?
True
Is 503403963 a composite number?
True
Is 134137 a prime number?
False
Is 2110313 composite?
False
Is 32795989 composite?
True
Is 157511737 prime?
False
Is 4092851 composite?
True
Is 4022809 a prime number?
False
Is 3237659 a composite number?
False
Is 18629521 composite?
False
Is 688534489 composite?
False
Is 79156289 a prime number?
True
Is 66716297 a composite number?
False
Is 12935353 a composite number?
False
Is 33894139 a composite number?
False
Is 5451227 a prime number?
False
Is 321925943 prime?
True
Is 16773 a composite number?
True
Is 22425917 a prime number?
True
Is 249771 composite?
True
Is 19299635 composite?
True
Is 122718349 prime?
False
Is 4054161 composite?
True
Is 471389 a composite number?
False
Is 54289493 composite?
False
Is 13724446 a composite number?
True
Is 14626787 composite?
True
Is 12475681 composite?
False
Is 227519049 a prime number?
False
Is 353611381 a prime number?
True
Is 15222131 prime?
True
Is 47758921 a prime number?
False
Is 4805027 a prime number?
False
Is 3417503 composite?
False
Is 447913793 composite?
False
Is 1017277 prime?
True
Is 2113037 prime?
True
Is 17393861 composite?
False
Is 194634389 a prime number?
False
Is 85637689 a composite number?
True
Is 22395091 prime?
False
Is 30119183 a composite number?
False
Is 49387361 prime?
False
Is 2204407 a prime number?
False
Is 3643282 a prime number?
False
Is 4352063 prime?
True
Is 188748763 prime?
False
Is 32423297 composite?
False
Is 14058013 a prime number?
True
Is 23849051 a composite number?
True
Is 1991671 a prime number?
False
Is 11175223 composite?
False
Is 225865363 prime?
True
Is 262305907 a prime number?
True
Is 17036587 a prime number?
False
Is 4235281 prime?
True
Is 1360891 a prime number?
False
Is 36723187 a composite number?
True
Is 341570287 composite?
False
Is 1385369 a prime number?
True
Is 2981815 composite?
True
Is 9795781 prime?
True
Is 3571237 a composite number?
False
Is 1513241 composite?
True
Is 66013531 a prime number?
True
Is 1082983 a prime number?
False
Is 342531551 a composite number?
False
Is 2618479 prime?
False
Is 2680423 a prime number?
False
Is 13504958 a prime number?
False
Is 11049481 a composite number?
False
Is 5719643 composite?
True
Is 17015611 prime?
True
Is 20654435 composite?
True
Is 14511507 a prime number?
False
Is 3540871 prime?
False
Is 7110757 a composite number?
False
Is 300897713 a composite number?
True
Is 7942549 prime?
False
Is 1311581 a composite number?
True
Is 16236083 a composite number?
True
Is 515857 composite?
False
Is 466541861 prime?
True
Is 80464745 composite?
True
Is 1332893 a composite number?
False
Is 256204811 composite?
False
Is 2269021 a composite number?
True
Is 6020039 a prime number?
True
Is 178973 prime?
True
Is 1705799 a prime number?
True
Is 4797187 composite?
True
Is 2549842 a composite number?
True
Is 62443555 a composite number?
True
Is 903311 composite?
False
Is 3552019 composite?
True
Is 183882229 composite?
False
Is 163282373 prime?
True
Is 75036083 a prime number?
False
Is 427590737 a prime number?
False
Is 385557857 prime?
False
Is 95533 composite?
True
Is 1193597 a composite number?
True
Is 1327363 a prime number?
True
Is 6613069 a composite number?
False
Is 11961967 a prime number?
True
Is 81163633 a composite number?
False
Is 473813 prime?
False
Is 276565 a composite number?
True
Is 1518197 a prime number?
False
Is 244955285 a composite number?
True
Is 53104169 a composite number?
False
Is 427119293 a composite number?
False
Is 275884051 a composite number?
False
Is 5612491 a prime number?
True
Is 7125037 a prime number?
True
Is 3651131249 a composite number?
False
Is 6415777 a composite number?
True
Is 26481131 a prime number?
False
Is 68421203 prime?
True
Is 3941521 a composite number?
True
Is 13523971 a composite number?
True
Is 6738409 prime?
False
Is 2042263 prime?
True
Is 505759 a composite number?
False
Is 4390579 a composite number?
True
Is 7553173 prime?
True
Is 18960701 a composite number?
False
Is 12235291 prime?
False
Is 15873973 a prime number?
True
Is 8480211 a composite number?
True
Is 140587 composite?
False
Is 16295509 prime?
True
Is 225779 a prime number?
True
Is 178024801 a prime number?
True
Is 4141551 a composite number?
True
Is 353321 a composite number?
False
Is 3571927 prime?
True
Is 80378878 a composite number?
True
Is 2317379 prime?
False
Is 7355811 composite?
True
Is 3884101 a prime number?
False
Is 12609973 prime?
False
Is 4496441 composite?
False
Is 2732047 prime?
True
Is 9574403 a composite number?
True
Is 5554219 a prime number?
False
Is 481438059 a prime number?
False
Is 2506357 a composite number?
True
Is 3143629 a prime number?
False
Is 3170603 a prime number?
True
Is 21456107 prime?
True
Is 112673707 prime?
False
Is 77022151 a prime number?
True
Is 18692279 a prime number?
False
Is 4182809 a composite number?
False
Is 181071181 a composite number?
False
Is 1874751 prime?
False
Is 1075717 a prime number?
False
Is 17752817 composite?
False
Is 194764481 composite?
True
Is 178292146 prime?
False
Is 64164059 a composite number?
False
Is 78568019 prime?
False
Is 7862054 prime?
False
Is 20483677 a composite number?
False
Is 113709055 a composite number?
True
Is 92753783 a composite number?
True
Is 32805127 prime?
True
Is 598657 a prime number?
True
Is 3049349 a composite number?
False
Is 6036659 a prime number?
True
Is 1088951 prime?
False
Is 21294029 prime?
True
Is 1682047 a prime number?
True
Is 62225815 a composite number?
True
Is 2557231 composite?
False
Is 2793605 a composite number?
True
Is 4196287 a composite number?
True
Is 13750741 a composite number?
True
Is 315298457 prime?
True
Is 59771077 a composite number?
False
Is 133239739 prime?
False
Is 305108561 composite?
True
Is 1581159 a prime number?
False
Is 940349 a prime number?
True
Is 166901683 composite?
True
Is 461644879 composite?
False
Is 121524713 prime?
True
Is 9215009 a composite number?
True
Is 1312169 a composite number?
False
Is 7583311 a composite number?
True
Is 14661503 composite?
False
Is 2293903 composite?
True
Is 102415286 a prime number?
False
Is 3498247 prime?
True
Is 40014313 a composite number?
False
Is 657029 a prime number?
True
Is 230633329 prime?
False
Is 9904079 a composite number?
False
Is 18173137 a prime number?
True
Is 1886441 a prime number?
False
Is 1556614783 composite?
False
Is 11604079 a prime number?
False
Is 7026121 composite?
False
Is 12240341 a prime number?
True
Is 3083693 a prime number?
True
Is 243048991 prime?
True
Is 326891 prime?
False
Is 9927199 composite?
True
Is 1843313 a composite number?
False
Is 10618681 a prime number?
True
Is 857161 composite?
False
Is 152509157 composite?
True
Is 68240702 a prime number?
False
Is 12779179 prime?
False
Is 11398367 a prime number?
True
Is 95641471 a composite number?
False
Is 45071843 a composite number?
False
Is 17301473 composite?
True
Is 16973665 a composite number?
True
Is 16797817 composite?
False
Is 3008267 a prime number?
True
Is 121155389 a composite number?
False
Is 339400265 prime?
False
Is 367597219 prime?
False
Is 103330597 composite?
False
Is 835511 prime?
True
Is 15634763 a composite number?
False
Is 116202967 prime?
False
Is 86933939 prime?
False
Is 343846379 prime?
False
Is 156430621 prime?
False
Is 1683656237 a prime number?
True
Is 145453283 prime?
False
Is 61583 prime?
True
Is 326657 a composite number?
False
Is 19452239 a prime number?
True
Is 23673059 prime?
False
Is 2828377 composite?
True
Is 122710459 composite?
False
Is 3315797 composite?
True
Is 72551257 composite?
True
Is 70728991 prime?
True
Is 45025811 composite?
False
Is 15499885 a composite number?
True
Is 1143433 prime?